64
Suppose -81 = -3*c + u, 111*c - 112*c + 38 = -4*u. Let m(v) = 14*v**2 + 6*v + 2. Calculate the remainder when m(-4) is divided by c.
20
Let h(x) be the third derivative of 17*x**4/24 + 39*x**3/2 - 7*x**2 - x. What is the remainder when 312 is divided by h(-6)?
12
Suppose -3*h = 5*f - 4*f - 5496, -2*f - 5496 = -3*h. What is the remainder when h is divided by 115?
107
Let j be 4/(-5) - (-96)/(-80). What is the remainder when (j/(2*2))/(11/(-7062)) is divided by 27?
24
Suppose -j = -4*p + 33, 0*j + 70 = -5*j + p. What is the remainder when 439 is divided by (98/(-2))/(12 + j)?
47
Let m(d) = d**2 + 10*d - 19. Let o be m(-6). What is the remainder when 12 is divided by (-1 - 26/(-4)) + o/(-86)?
0
Let h(p) = -674*p - 1612. Calculate the remainder when 4349 is divided by h(-4).
13
Let m = -1461 + 1632. Let l = 17 + -11. What is the remainder when m is divided by l?
3
Suppose -3*f + 590 = -4*g, 4*g - 666 = -3*f - 44. Calculate the remainder when 1214 is divided by f.
2
Calculate the remainder when 1445 is divided by 14*((-516)/84 - -7).
5
Let p = 789 + -419. Calculate the remainder when p is divided by 113.
31
Let y(i) = 3*i**2 - 7*i + 2. Let f be y(3). Suppose 13 = f*b - 19. Suppose -3*a - 7 = -1, 142 = b*m + a. Calculate the remainder when m is divided by 3.
0
Let v(c) = 3*c - 17. Let f be v(5). Let t be (f/(-11) - 70/(-462))*6. Calculate the remainder when 56 is divided by (6/t*-1)/(2/(-14)).
14
Let i = 19 - 27. Let k(y) = -y**2 - 10*y - 1. Calculate the remainder when k(i) is divided by 29/3 - (-6)/(-9).
6
Let u = 73 - 44. Suppose -4*l + 5*t = -10, -2*t + u = 5*l - 0*t. Suppose l*g = 3*g + 94. What is the remainder when g is divided by 13?
8
Let s = 3954 + -3950. Calculate the remainder when 52 is divided by s.
0
Suppose 2*v - 4*d = 8, 2*v + 4*d - 27 - 13 = 0. Let b(r) = 2*r**2 + 9*r + 41. Calculate the remainder when b(-5) is divided by v.
10
Calculate the remainder when 1717 - (7 - ((-8)/68 - 618/(-51))) is divided by 96.
90
Let z = 213 + -337. Let v = -6 - z. Let k = -64 + v. What is the remainder when k is divided by 14?
12
Calculate the remainder when (36/(-27))/((-10)/15) - -1876 is divided by 29.
22
Let t = 233 + -241. What is the remainder when (3 + t + (-20)/(-5))*-307 is divided by 52?
47
What is the remainder when (3918 + 6)*(-8)/(-16) is divided by 151?
150
Let k(s) = -2*s**2 - 4*s + 23. Let b be k(-8). Let p = b - -124. Let y = 117 - p. What is the remainder when y is divided by 14?
10
Let k(l) = 8 - 6*l + 6 - 9. Let v(f) = f**2 - 9*f + 3. Let j be v(8). What is the remainder when k(j) is divided by 18?
17
Suppose -5*n = -65*n + 1316 + 1084. Calculate the remainder when 4588 is divided by n.
28
Suppose o - 261 = k + 519, -4*k = 4*o - 3112. Calculate the remainder when o is divided by 778.
1
Let f = 224 - 219. Suppose f*z - 70 = h, 56 = 4*z + 3*h + 2*h. What is the remainder when z is divided by 4?
2
Suppose 47*f - 16*f = 4557. Calculate the remainder when f is divided by 136.
11
Let k(f) = 36*f**2 - 2264*f + 2263. Suppose 0 = -5*a + 3*l + l + 660, 3*l = 2*a - 271. Calculate the remainder when a is divided by k(1).
23
Let n = 32 + -15. Suppose -n = 4*z - 37. Suppose -32 = -4*j + 5*v, 0*v - 40 = -z*j - 2*v. Calculate the remainder when 23 is divided by j.
7
Let g = 9654 + -5156. What is the remainder when g is divided by 180?
178
Let i be 7*8/84 + (-2552)/3. Let f be (i/(-4))/5 + (-4)/8. Suppose f = 10*r - 4*r. Calculate the remainder when 48 is divided by r.
6
Let u(z) = 2*z + 1 + 9*z - 4*z - z. What is the remainder when u(4) is divided by 7?
4
Let w = 2509 - -191. Calculate the remainder when w is divided by 104.
100
Suppose -3049 + 131947 = 154*d. What is the remainder when d is divided by 28?
25
Let y(r) = 35*r + 354*r**3 + 356*r**3 - 26 + 35*r**2 + 75 - 711*r**3. Calculate the remainder when 25 is divided by y(36).
12
Suppose -257 = -5*q + 4*t, 245*q = 243*q + 3*t + 107. Calculate the remainder when 176 is divided by q.
29
Suppose 287 = 15*f - 97 - 66. Suppose -3*k = 2*o - 6*o + 43, -5*k = -o + 32. Calculate the remainder when f is divided by o.
2
Suppose o - 192 = -4*x, -3*x - 4*o - 61 = -192. Let c = x + -6. Suppose c + 149 = 8*b. What is the remainder when 47 is divided by b?
23
Let h = -822 - -845. Suppose l + 4 = 13. Calculate the remainder when h is divided by l.
5
Suppose 0 = 2*f - 34*f + 160. Suppose i + 3*n - 19 = 22, i - 47 = -f*n. What is the remainder when 104 is divided by i?
8
Suppose 114*f + 1648 = 3849 + 3271. Calculate the remainder when 660 is divided by f.
36
Suppose 59*y - 5319 = 32*y. What is the remainder when 427 is divided by y?
33
Let g = -6114 + 6367. What is the remainder when g is divided by 8?
5
Let t = 81 - 60. Calculate the remainder when 82 is divided by t.
19
Let y be (-13685)/63 + (-4)/(-18). Let j = y + 426. Calculate the remainder when j is divided by 42.
41
Let i(k) = -4*k**3 - 9*k**2 + 20*k + 28. What is the remainder when 352 is divided by i(-4)?
52
Suppose -2*n = -3*n + 22. Suppose 3*w - 347 + 34 = 2*j, -4*w + j + 424 = 0. Calculate the remainder when w is divided by n.
19
Calculate the remainder when 407 is divided by (3 - -47 - -3) + (-6 - 0) + 3.
7
Suppose 0 = -25*n + 22*n - 189. Let u = n + 95. Calculate the remainder when u is divided by 17.
15
Suppose -c + 783 = -2*r, 3*c - 897 = 5*r + 1444. Calculate the remainder when c is divided by 44.
19
Let h(m) = m**3 + 19*m**2 - 10*m + 215. Calculate the remainder when 5129 is divided by h(-20).
14
Let j = 870 - 574. Calculate the remainder when j is divided by 214.
82
Let j = -8659 + 9375. What is the remainder when j is divided by 182?
170
Let g = -7846 + 8457. Calculate the remainder when g is divided by 52.
39
Suppose -5*c = -7*c + 8. Suppose -8 = -4*u, -u - 16 = -w - c*u. Suppose 5*g = w*g - 110. Calculate the remainder when 79 is divided by g.
13
Let k(d) = d**3 + 16*d**2. Let v be k(-16). Suppose q + 43 - 140 = v. Let h = q - 69. What is the remainder when 55 is divided by h?
27
Suppose 33*k - 4682 = 5746. What is the remainder when 1897 is divided by k?
1
Suppose 3*b - 3 = 0, 4*b - 512 + 1358 = 5*l. Suppose 0 = 18*n - 46 - l. Calculate the remainder when 52 is divided by n.
4
Let q be 4/(-4 - -2) - -4. Suppose q*o = -3*o + 130. Suppose v + 6*u - 13 = 0, -3 = -u - 2*u. What is the remainder when o is divided by v?
5
Suppose 4*r - 18 = 2*r - 4*d, -4*d = 4*r - 28. What is the remainder when 120 is divided by r + 21 + -7 - 3?
8
Let i(g) = -g**2 - 4*g. Suppose 2*p = -h + 13, 5*p = 3*h + 3 + 13. Suppose -55 = -p*d - 20. Calculate the remainder when d is divided by i(-3).
1
Let v = -1667 - -2493. Let o = 851 - v. What is the remainder when 62 is divided by o?
12
Let k(c) = c**3 + 14*c**2 + 24*c - 1. Let p be k(-6). Suppose p = -14*x + 409. What is the remainder when 642 is divided by x?
15
Let b(a) = 6*a**2 - 2 - 5*a**2 - 14*a - 2. Let f be b(10). Let z = 108 + f. What is the remainder when z is divided by 13?
12
Suppose 32 = 2*f - 4*y, -2*f - 2*y + 1395 = 1321. Calculate the remainder when f is divided by 0 - (-9)/(-3) - -12.
3
Let v(d) = -5*d**3 + 97*d**2 + 61*d - 6. Calculate the remainder when 15 is divided by v(20).
1
Let b = -13171 - -13496. What is the remainder when b is divided by 96?
37
Suppose 0 = -y + 14*t - 15*t + 230, 20 = 4*t. Let k = 238 - y. Calculate the remainder when 38 is divided by k.
12
Let g = -2086 + 2499. What is the remainder when g is divided by 101?
9
Suppose 4*c + 99 = 5*p, p = -2*c - 1291 + 1294. Calculate the remainder when 853 is divided by p.
13
Let o(t) = -81*t - 2652. Calculate the remainder when 1909 is divided by o(-33).
19
Let s(y) = -y**3 - 68*y**2 + 85*y + 1114. Let q be (-2 + -1)/((-3)/308). Suppose -3*d + q = 44. Calculate the remainder when d is divided by s(-69).
8
Suppose 0 = 4*v + 16, -4*z + 12 = 2*v + 3*v. Let y = -84 - -28. What is the remainder when (y - -2)*z/(-12) is divided by 13?
10
Suppose d - 40 = -l, 10*l - 20 = 5*l. Calculate the remainder when ((-504)/(-15) + 0)*120/d is divided by 30.
22
Let v = 108 - 106. Suppose -p + 50 = v*g - 3, -3*p + 204 = -3*g. What is the remainder when 114 is divided by p?
51
Let a(c) = c**2 + 125*c + 3721. Let b be a(-76). Let j(k) = 0 - 2 - 5*k - k**2 + 0*k**2. Calculate the remainder when 20 is divided by j(b).
0
Suppose 0 = 2*v - 31 + 39. What is 